+ 17 = 0, -p = a - x*p + 1. Suppose t = -3*j - 1, 4*t + 2*j + 0*j = 6. Calculate the greatest common divisor of a and t.
2
Let f(z) = 3*z + 16. Let b be f(1). Suppose -129 = -5*c + 61. What is the greatest common factor of b and c?
19
Let m(u) = u + 7. Let t(h) = -4*h - 36. Let f(g) = -11*m(g) - 2*t(g). Let o be f(-7). Let l = o + -5. Calculate the greatest common factor of l and 44.
11
Let i be 1 + -4 - (-1 + -4 + -50). Let g(m) = -m - 7. Let z be g(-20). What is the greatest common divisor of i and z?
13
Suppose 0 = 4*r - 2*d + 2, 3*r - 2*d + 19 = 3*d. Suppose -r*a = -0*a - 20. Let x be a/(-3)*(-17 + -1). Calculate the highest common factor of x and 12.
12
Let s(a) = 21*a + 93. Let q be s(-1). Calculate the greatest common factor of 48 and q.
24
Let p(y) = -3 - 7*y**2 + 8*y**2 + 5 - 2*y. Let n be p(6). Suppose -i + 48 = -30. Calculate the greatest common factor of i and n.
26
Let y(b) = -b**3 + 13*b**2 - 34*b + 92. Let x be y(10). Calculate the highest common factor of 1768 and x.
52
Let o be (-70)/(-105) - (-166)/3. Calculate the greatest common factor of o and 672.
56
Let j(f) = f**2 - 26*f + 148. Let i be j(20). Let k be 5/2*(30 + -2). What is the highest common factor of k and i?
14
Suppose 2*r - 54 = -r. Suppose r + 39 = 3*g. What is the highest common divisor of 19 and g?
19
Suppose -2*h = f + 1, 5*f + 9*h = 13*h + 65. What is the highest common factor of f and 12?
3
Let t = -44 - 156. Let y = -110 - t. Calculate the greatest common factor of y and 30.
30
Suppose 164 = 4*g - 5*n, -5*g - 2*n - 2*n = -164. Calculate the greatest common divisor of g and 117.
9
Let z be -2*(3/9)/((-2)/6). What is the highest common divisor of 32 and z?
2
Let k = -142 - -317. What is the highest common divisor of 560 and k?
35
Suppose 0 = -21*l - l + 1364. What is the greatest common factor of 496 and l?
62
Let q(v) = v**3 + 5*v**2 - 6*v - 3. Let p be q(2). Calculate the highest common factor of 169 and p.
13
Let m = 61 + -89. Let t = -11 - m. Let z = t + 28. Calculate the highest common divisor of 15 and z.
15
Suppose r = x - 4*r + 4, r + 4 = 5*x. Let s(f) = -43*f + 1. Let h be s(x). Let a be ((-176)/24)/(2/h). What is the highest common factor of 14 and a?
14
Suppose 0 = -4*d - 4*d + 72. Suppose q + 0 = 3. Suppose q*c = -w + 248, -2*w = -c - 0*c + 71. What is the highest common divisor of d and c?
9
Let l = -371 - -409. Calculate the greatest common divisor of 646 and l.
38
Let a = -31 + 33. Suppose j = -4*z + 62, 0 = -a*j + 5*j + z - 142. Calculate the highest common divisor of j and 92.
46
Let v(l) = -l**3 - 8*l + 4*l**2 + 65 + 4*l**2 - 57 - 4*l. Let p be v(6). Let n(w) = -5*w - 2. Let z be n(-2). What is the greatest common divisor of z and p?
8
Let x be 1*(-4)/(1/6*-3). What is the greatest common divisor of x and 536?
8
Let q(o) = -o**3 + 7*o**2 + 5. Let k be q(7). Suppose -p = -2*z - 0*p + 75, 5*z = k*p + 200. Calculate the highest common factor of 14 and z.
7
Let y(b) = -4*b**3 + 2*b**2 + 6*b - 7. Let z be y(3). Let o = z + 239. Calculate the highest common divisor of o and 20.
20
Let q be -26*(12/3 - (-15)/(-2)). What is the greatest common factor of q and 39?
13
Let g = -25 + 34. Suppose -g*i = -11*i + 6. Let c = 2 + i. Calculate the highest common divisor of c and 40.
5
Let h(j) = 2*j**2 + 5*j - 54. Let f be h(-10). Calculate the highest common divisor of 32 and f.
32
Suppose -4*h + 144 = 4. Suppose -3*a = 4*i - 31, h = 5*i + a + 2*a. Calculate the highest common factor of 44 and i.
4
Suppose -5*r - c + 5*c = -220, 180 = 5*r + 4*c. Let v = r + 20. Let l be (-1 + 0)/(11/(-165)). Calculate the highest common factor of l and v.
15
Let d be 15/10 - 106/(-4). Suppose 2*g - d = -3*f, -3 = -3*f + 3. What is the greatest common factor of 99 and g?
11
Let x = -33 - -34. Let s be 30/9*(2 - (-3 - x)). Calculate the highest common factor of s and 140.
20
Let y = -11 - -11. Suppose y = 3*w + d + 2, -3*w + 0*d + 2*d + 13 = 0. Let z be 2 + (-3)/(-1) + 2. What is the highest common divisor of w and z?
1
Let u be ((-42)/(-9))/(-2 - 40/(-15)). Calculate the greatest common factor of u and 112.
7
Let c(x) = x**3 - 17*x**2 + 17*x - 14. Let w be c(16). Suppose w*o = -2*n - 17 + 75, -4*o + n = -106. Calculate the greatest common divisor of 9 and o.
9
Let b(x) = 2*x**3 - 5*x**2 - 11*x + 1. Let f be b(4). Suppose -4*p - 9 = c, -28 - 52 = -5*c + f*p. What is the highest common divisor of c and 88?
11
Let r be 1/2*(-26)/(-1). Suppose -31 + r = -3*f. Suppose -26 = 2*d - 110. Calculate the greatest common factor of d and f.
6
Let a = 5 + -5. Suppose a = -3*z - 4*g + 226, -3*g + 0 - 6 = 0. Let w be (z/(-15))/((-5)/100). Calculate the greatest common divisor of w and 26.
26
Let s = 117 - 87. Let v(q) = -q**2 + 12*q + 19. Let z be v(13). What is the greatest common factor of z and s?
6
Let d(k) = -k**2 + 30. Let t be d(0). Let o(i) = -i**3 + 5*i**2 - 4*i + 4. Let u be o(3). What is the highest common factor of t and u?
10
Suppose 172*x - 167*x = 10. What is the greatest common divisor of 28 and x?
2
Let s = -28 - -37. Let u be (-5 - s)*(2/4)/(-1). Calculate the highest common factor of 77 and u.
7
Let y(b) = -8*b**2 - 34*b - 1. Let s be y(-4). What is the greatest common divisor of s and 63?
7
Let k be ((-6)/(-10))/((0 - 8)/(-720)). What is the greatest common divisor of 18 and k?
18
Let n be 3/(-8) - (1382/(-16) + 2). What is the highest common divisor of 98 and n?
14
Suppose 0 = -2*c - 3*m + 79, 27*c - 5*m = 23*c + 191. What is the highest common divisor of 231 and c?
11
Let f = -9 + 5. Let t = f - -6. Let h be (1 - 1)/t + 18. What is the highest common factor of 144 and h?
18
Suppose -7*j + 9*j = 0. Suppose 0 = -j*k + 2*k - 28. What is the highest common factor of 70 and k?
14
Let d = -7 - -11. Let s(n) = -10*n + 2. Let u be s(2). Let i = 46 + u. Calculate the highest common divisor of i and d.
4
Let q = -29 - -47. Let b be 4/(-18) - (-9132)/27. Suppose b = 3*v - 40. Calculate the highest common factor of v and q.
18
Suppose -3*o - 9*o = -1116. Calculate the greatest common divisor of o and 372.
93
Let n = -2493 + 2595. What is the highest common factor of 4794 and n?
102
Let o = 3 - 1. Suppose z = -z + 2*r + o, -4*z - 3*r - 31 = 0. Let a be (-704)/(-14) - z/(-14). Calculate the highest common divisor of a and 10.
10
Suppose 8 - 80 = -a. Suppose 0 = -4*l - 8, -l - 2*l + 70 = -4*j. Let t = 27 + j. What is the highest common divisor of a and t?
8
Let f = -9 + 19. Suppose i - 5*t - f = -4*i, -12 = -3*i + t. What is the greatest common divisor of 95 and i?
5
Suppose -8*g - f = -7*g - 20, -5*f + 37 = 2*g. Calculate the highest common divisor of g and 315.
21
Let z be 3 + ((-9549)/(-39) - 20/(-130)). What is the highest common factor of 24 and z?
8
Let k(o) = o. Let y(j) = -112*j**2 - 1. Let x(h) = -k(h) - y(h). Let p be x(1). Calculate the greatest common factor of 16 and p.
16
Suppose 0 = 13*x + 9*x - 1694. Calculate the highest common divisor of x and 77.
77
Suppose -54 = -f - s, 0 = 2*f - s - 2 - 106. What is the greatest common factor of f and 675?
27
Let o = -6 - -11. Suppose -3*t + 5*t = w - 20, 0 = -o*t - 25. Suppose 0 = -3*c, 4*c - w = -4*i + 2*i. Calculate the greatest common divisor of i and 25.
5
Suppose q + s = 12, 18 - 6 = 2*q + 5*s. Calculate the greatest common factor of q and 484.
4
Suppose 3*s - 65 - 7 = 0. Let i = 1 + 2. Suppose 2*r - i*b - 11 = -4*b, -3*b + 3 = r. Calculate the greatest common divisor of r and s.
6
Suppose z = 4 - 0. Suppose -3*s = -3*c + 222, -z*c + 268 = -s + 4*s. Let k = -84 + 98. What is the highest common factor of c and k?
14
Let p = -15 - -39. Let c = p + -6. Let z(u) = u**2 + 16*u + 87. Let n be z(-6). What is the greatest common factor of c and n?
9
Let s be (60/35)/(36/630). What is the greatest common factor of 1 and s?
1
Let a = 1828 + -1814. Suppose -245 = 5*h + 3*f, -4*h - f = f + 198. Let u = h + 108. Calculate the highest common divisor of u and a.
14
Suppose -g + 1 = 5*z - 1, 3*g + 14 = 5*z. Let y be z*(4 - (-1 - -3)). Suppose 2*w + y = 8. What is the greatest common factor of w and 27?
3
Let y(l) = l + 20. Let m be y(-13). Suppose -340 = -5*s - 135. Let x = 15 + s. What is the highest common factor of x and m?
7
Suppose -9*x = 18 - 45. Let g be (-5 - 0)*72/(-10). What is the greatest common divisor of x and g?
3
Let l(o